 t(-4)?
-6
Let z(c) = -c**2 + 3*c + 5. Let s(o) = -4*o. Let q be s(1). Let x be (5/q)/(3/(-12)). Suppose -x*w + 25 = -0*w. Calculate z(w).
-5
Let t be 10/15*(-3)/2. Suppose -2*z + 8 = y + y, 12 = -2*z + 2*y. Let d be z + 4/(-2) + t. Let c(s) = -s**2 - 3*s + 1. Determine c(d).
-3
Let o be -1 - (1 + -3)/2. Suppose 4*j - 16 = -o*j. Let p(x) = 3 - 4 - j + x. What is p(5)?
0
Let b(l) = 0*l - l - 4*l + 10*l. What is b(1)?
5
Suppose r = -2*r - 3*q - 6, 22 = r - 5*q. Let w(d) = d**2 - 2*d - 1. Let o be w(r). Let i(g) = 2*g**2. Calculate i(o).
2
Let z(l) = -l**3 - 3*l**2 - 3*l - 2. Let t(w) = -w - 3. Let o be t(-5). Suppose 5*y + 3 = 4*n, -2*y + o = -3*n - 1. Give z(n).
7
Let j = 16 - -4. Suppose 4*a = -a - j. Let p(s) be the second derivative of -s**4/12 - s**3 - s**2 - s. What is p(a)?
6
Let u(i) = 2*i**3 + 6*i**2 + 5*i + 6. Let k(c) = -3*c**3 - 7*c**2 - 6*c - 7. Let z(o) = -6*k(o) - 7*u(o). Suppose 0 = -t - t - 2. Calculate z(t).
-5
Let d(m) = m + 1. Let s(w) = -4*w + 1. Let q(z) = -3*d(z) - s(z). Determine q(-4).
-8
Let a(t) = -3*t**2 - t + 1. Suppose 5*s - 33 + 13 = 0. Let u(k) = -4*k**2 + 1. Let f(b) = s*u(b) - 5*a(b). Let x = -31 - -34. What is f(x)?
5
Suppose -8 = -5*n + 2. Let p(y) be the third derivative of 0*y + 0 + 7/6*y**3 - 1/12*y**4 - 1/60*y**5 + y**n. Calculate p(-5).
-8
Let a(r) = r - 3. Suppose -15 = 5*n, -i - 5*n - 5 = 6. Let d be (12/(-18))/(i/18). What is a(d)?
-6
Let l(a) be the third derivative of -a**6/120 + 2*a**5/15 + a**4/12 - 4*a**3/3 - 47*a**2. Calculate l(8).
8
Let u(t) = -5*t + 0 + 1 - 1. Let p(d) = 4*d. Let r(b) = 6*p(b) + 5*u(b). What is r(1)?
-1
Let f(w) be the second derivative of 5*w**3/6 - w**2/2 + 3*w. What is f(-1)?
-6
Let v(r) = r + 1. Let h(k) = 6*k + 1. Let s(g) = -h(g) + 2*v(g). Calculate s(2).
-7
Let j(o) = 28*o**3 + 0 - 29*o**3 - 1. Let a = 3 + -4. Determine j(a).
0
Let q(k) = -2*k**2 + 1. Let w be q(1). Let j(i) = -4*i**3 - i**2 + i + 1. What is j(w)?
3
Let i(d) = -3*d**2 + 7*d. Let f(s) = 13*s**2 - 28*s + 1. Let u(q) = 2*f(q) + 9*i(q). Give u(7).
2
Suppose m - 2 = -0. Suppose m - 5 = -3*j. Let i(l) = -2*l + 0 - 3 + 2. What is i(j)?
-3
Let v(z) be the first derivative of 1/4*z**4 - 7 + 4/3*z**3 - 3*z + 0*z**2. Calculate v(-3).
6
Let p = 3 + -1. Let r(f) = -2*f**2 + 1. Let j(c) = -2*c**2 + c + 2. Let t(w) = -3*j(w) + 2*r(w). Let h(v) be the first derivative of t(v). Calculate h(p).
5
Let d(q) be the third derivative of q**6/120 - q**5/15 - q**4/3 + 2*q**3/3 + q**2. Let j = -75 + 80. What is d(j)?
-11
Let n(v) = -v**3 + v**2 + v - 1. Let s(x) = 2*x**3 - 2*x**2 - 6*x + 4. Let p(g) = n(g) + s(g). What is p(3)?
6
Let j(y) = 2*y + 2*y + y**3 - 3 + y + 2*y**2 + 5*y**2. Determine j(-6).
3
Let i(f) = 3*f + 1. Let x(h) = -1. Let p = -7 - -4. Let b(j) = p*x(j) - i(j). Calculate b(5).
-13
Let l(t) = t**3 - 2*t**2 - t - 4. Let g = -27 - -30. Determine l(g).
2
Let d(h) = 20*h - 7. Let z(x) = -7*x + 3. Let w(i) = 4*d(i) + 11*z(i). What is w(-5)?
-10
Let t(f) = -f. Let l(a) = -7 - 6*a + 4*a**2 - 3 - 5*a**2. Let w(j) = -l(j) - 2*t(j). Determine w(-7).
3
Let n(g) = -4*g**3 - g**2. Let c be n(1). Let k be 3/(-15) - 66/c. Let z(m) = -2 + 3 + 8*m - k*m. Determine z(2).
-9
Let x(s) = -7*s - 3. Let q be (2 + -6)/16*0. Suppose 4*f - 2*b + 4 = 0, q = -3*f + 8*f - b + 8. Determine x(f).
11
Suppose 0 = -26*u - 16*u + 210. Suppose -2*l + l = -3. Let r(d) = 5*d**2 - 2*d**2 - 4*d**2 + 4 + l*d. Determine r(u).
-6
Let k = 26 + -17. Suppose k = -5*h - 16. Let a(q) = q**3 + 4*q**2 - 5*q. Determine a(h).
0
Let l = 7 + -5. Suppose -l = -2*d + 2. Let p(h) = 0*h**2 - 2*h**3 + 5*h**3 - 3*h**d + 3*h - 2*h**3. Determine p(2).
2
Let b(q) be the second derivative of -1/6*q**4 + 0 + 2*q + 0*q**3 + 1/2*q**2. Suppose 4*s = 2*s - 2. Determine b(s).
-1
Let q be 52/10 + (-21)/105. Let s(b) = -b**2 + 3*b + 7. Give s(q).
-3
Let m(h) = -4*h + 5 + 9*h - 3*h. What is m(-4)?
-3
Let f(q) = 2 - 3 + 4 - 1 + 6*q. Calculate f(2).
14
Let r(i) = i**3 - 6*i**2 + 5*i. Let y(p) = 3*p + 23. Let o be y(-6). What is r(o)?
0
Let s(k) = -k**3 + 2*k**2 + 2*k - 2. Let c = 1 + -3. Let n = 5 + c. What is s(n)?
-5
Suppose -4*o + 8 = -4. Suppose o*h - 3 = 4*h. Let z(s) = -3*s + 2. Calculate z(h).
11
Let h be -1 + 3 - 2 - -3. Let z be (-1)/2*(-4 + -2). Let m(o) = z - o + 1 - 1. What is m(h)?
0
Let f(l) be the third derivative of 0 + 0*l - l**2 - 5/3*l**3 - 1/24*l**4. Give f(0).
-10
Suppose -3*r - z + 21 = -0, 5*r - 4*z - 18 = 0. Suppose 0 = -3*w - 0*w + 30. Let g = w - r. Let k(d) = d. Calculate k(g).
4
Suppose b = -4*b - 30. Let r be -3*2/b + -6. Let t(l) = -l**2 - 3*l + 3. Calculate t(r).
-7
Let n(m) = m - 1. Let z = 42 - 18. Let u be z/(-20)*5/2. Calculate n(u).
-4
Let p(t) = -10*t**3 + 2*t**2 - 2*t**2 + t + 3 + 9*t**3. Let i = 2 - 2. What is p(i)?
3
Suppose -b - 35 = -6*b - 5*s, 2*s - 4 = 3*b. Let i(j) = -8*j**2 + 3*j**b - 5*j + 1 + 4*j**2. Determine i(-6).
-5
Let w(s) = -1 - 2 + s + 2 + s**3 - 2*s**2. Calculate w(3).
11
Let p(g) be the third derivative of g**5/30 - g**4/12 - g**3/3 + 54*g**2. Calculate p(2).
2
Let h(m) = m**2 - 7*m + 5. Let f be h(6). Let a(z) = 6*z**3 + z**2 + z. Determine a(f).
-6
Let d(b) be the third derivative of -1/12*b**4 + 1/2*b**3 + 3*b**2 + 0 + 1/30*b**5 + 0*b. Give d(2).
7
Suppose -2*b = -5*c - 26, 2*b = 4*c + 18 + 2. Let t be 16 - (-2 - (-1 - 4)). Let k(o) = 13 - o**2 - t - 7*o. Calculate k(c).
6
Let z(k) be the first derivative of -k**2 + k - 1. Suppose -2*p + 5*p + 19 = 4*j, -24 = -4*j + 4*p. Let y = 4 - j. Give z(y).
-5
Suppose 8*a - 3*a = 0. Let k be a/1 + 1 + 4. Let m(r) = 5 + 5*r**2 + 0*r**2 + 5*r - 6*r**2. Calculate m(k).
5
Let w(h) be the first derivative of -h**3/3 + 3*h**2 - 4*h - 23. Calculate w(4).
4
Let j(u) = -4*u**3 + u**2 - 3*u - 2. Let x(p) = -5*p**3 + 2*p**2 - 4*p - 2. Let d(l) = 4*j(l) - 3*x(l). Give d(-2).
-2
Suppose -5*i = -2 - 3. Let c be (-2 + i + -2)/(-1). Let z(p) = 0 + c*p + 0 - 4. Determine z(3).
5
Let a be (-6)/15*(13 + -3). Let s(g) = g**2 + 3*g + 6. Determine s(a).
10
Let z(k) = 2*k - 4. Let t(g) = g**2 - 20*g + 15. Let y be t(19). Give z(y).
-12
Let u(a) = -a**2 - a - 8. Let z(k) = 2*k - 7. Let v be z(6). Suppose 3*f - v*y = -0*f + 15, -2*y = 5*f + 6. Give u(f).
-8
Let k be 12/9 - (-2)/3. Let x(z) = z - 6. Let a(f) = 4*f - 23. Let o(v) = k*a(v) - 9*x(v). Let n(h) = -h + 3. Let i be n(3). Determine o(i).
8
Let t(m) = m**3 - 8*m**2 + 8*m - 6. Let v(r) = r**3 - 10*r**2 - 24*r + 7. Let b be v(12). What is t(b)?
1
Let g(a) be the third derivative of a**5/60 + a**4/3 + 5*a**3/6 + 5*a**2. Let n(d) = d**2 + 6*d + 3. Let m be n(-3). What is g(m)?
-7
Let u(c) = 0*c**2 + 2*c + 3*c**2 + 2*c + 2. Suppose 0 = -m + 3*t - 3, -m - 1 = -5*t + 4. Suppose -3*x + 12 = -m*x, -3*v - 3*x + 6 = 0. Give u(v).
6
Let o(l) = l**3 - 8*l**2 - 2. Let u(j) = j**3 - 9*j**2 - 1. Let y(p) = -4*o(p) + 3*u(p). Calculate y(5).
5
Let s(k) = 0 - 1 + 3 - 2*k - 1. What is s(3)?
-5
Let l(j) = j**3 - j - 3. Let r be (-4)/(-6) - 16/(-12). Let y(h) = h**3 - 2*h - 4. Let v(n) = r*y(n) - 3*l(n). What is v(1)?
-1
Let h(t) = -t - 3. Let o be h(-6). Suppose 0 = -o*w - 0 - 15. Let j(c) = c**3 + 5*c**2 + 6. What is j(w)?
6
Let f(r) = r**2 - 6*r + 1. Let j = -15 - -21. Determine f(j).
1
Let x(j) = -j**3 - 6*j**2 - j - 3. Let t be x(-6). Let l(g) be the second derivative of 0 + 1/2*g**2 - g - 1/6*g**t. Determine l(0).
1
Let d(k) = 5*k**2 - 6*k - 1. Suppose -5*a + 20 - 5 = 0. Let z(b) be the first derivative of -b**3/3 + b**2/2 - b - 2. Let s(c) = a*z(c) + d(c). Calculate s(3).
5
Let l(t) = 6*t - 1. Let s(i) = -3*i. Let o(x) = 3*l(x) + 5*s(x). Let h be (-1)/(5/3 - 2). Suppose h*p - 6 = p + 2*b, 5*p = -b + 9. Give o(p).
3
Let b(i) = i - 5. Let w be b(5). Let u(l) = l**2 + l + 1. Give u(w).
1
Let b(x) be the third derivative of -x**6/120 - x**5/20 + 5*x**4/24 - x**3/6 - 2*x**2. Let y be b(-4). Let w(j) = -j - 5. Calculate w(y).
0
Let c(k) = k**3 + 6*k**2 + 3*k + 1. Suppose 2*i + 4*r = 10, -4*r = 4*i - r + 5. Determine c(i).
11
Let c(j) = 20*j**2 + j - 19*j**2 + 3*j. What is c(-3)?
-3
Let j(o) = 9*o**3 - 2*o**2 + 1. Let s be 38/6 + (-4)/12. Let t = 12 - s. Suppose t*v - 5 = v. Determine j(v).
8
Let m(f) be the second derivative of f**3/6 - 2*f**2 + 2*f. Suppose -8 = 3*s + 4. Let l be s/(-10) + (-36)/(-10). Determine m(l).
0
Let j be (0 - -1) + -2 + -1. Let z(p) = -p**2 - 2